24).
-58
Let b(d) = -d**3 + 19*d**2 - 14271*d + 227558. Calculate b(16).
-10
Let v(b) = 34*b**2 + 2513*b - 124. Determine v(-74).
98
Let u(j) = 110*j + 4730. What is u(-40)?
330
Let a(s) = -s**3 - 46*s**2 - 23*s - 1033. What is a(-46)?
25
Let s(a) = 721*a + 138675. Determine s(-192).
243
Let m(t) = -115542*t + 4621744. What is m(40)?
64
Let v(i) = -1729*i - 75909. Give v(-44).
167
Let t(x) = 8052380*x + 32209516. Determine t(-4).
-4
Let m(f) = f**3 + 45*f**2 - 1295*f + 26. Give m(22).
3964
Let g(n) = 3*n**2 - 1796*n + 145968. Calculate g(97).
-17
Let q(d) = 13210*d + 14631. Determine q(-1).
1421
Let o(i) = -301*i**2 + 1819*i - 68. Calculate o(6).
10
Let c(j) = j**2 + 420*j - 50153. What is c(-518)?
611
Let l(v) = 4040*v - 16050. What is l(4)?
110
Let q(l) = 10*l**3 + 132*l**2 + 135*l - 42. Calculate q(-12).
66
Let a(j) = 2*j**3 + 611*j**2 - 1539*j + 349. Calculate a(-308).
41
Let c(d) = 7759*d + 116400. Determine c(-15).
15
Let i(u) = 2*u**3 - 23*u**2 + 789*u - 9443. What is i(12)?
169
Let u(i) = 2*i**3 + 55*i**2 + 70*i - 1575. What is u(-25)?
-200
Let g(w) = w**2 + 1384*w + 234828. Give g(-198).
0
Let q(n) = 71*n**2 - 249*n - 331. What is q(4)?
-191
Let q(c) = 5992*c - 143752. Calculate q(24).
56
Let j(n) = -215*n + 5903. What is j(38)?
-2267
Let s(x) = -x**3 + 8*x**2 - 94*x + 3108. What is s(23)?
-6989
Let x(b) = 180*b + 2981. Determine x(-15).
281
Let k(g) = 4*g**2 - 233*g + 561. What is k(54)?
-357
Let i(h) = 2*h**2 - 1870*h - 17006. Calculate i(-9).
-14
Let k(b) = 2532*b + 260777. Calculate k(-103).
-19
Let c(v) = -3*v**2 - 1665*v - 228585. Determine c(-306).
-3
Let s(t) = 4*t**3 - 81*t**2 - 75*t + 194. Give s(20).
-1706
Let g(f) = -1533*f - 958126. Give g(-625).
-1
Let i(a) = -2*a**3 + 412*a**2 - 5373*a - 567. Give i(192).
9
Let r(a) = 2*a**3 - 105*a**2 + 61*a - 171. Determine r(52).
297
Let a(v) = 2*v**3 - 121*v**2 + 67*v - 731. What is a(60)?
-311
Let j(f) = 7402*f + 139844. Calculate j(-19).
-794
Let o(c) = 89*c**3 - 1261*c**2 + 198*c - 112. Determine o(14).
-280
Let f(v) = -v**3 + 7*v**2 + 269*v - 3085. Determine f(12).
-577
Let z(q) = 8*q**2 + 1390*q - 21037. Determine z(14).
-9
Let x(z) = 1230*z - 74079. Calculate x(60).
-279
Let u(y) = -164136*y + 1477233. Give u(9).
9
Let f(b) = b**3 - 599*b**2 - 9211*b - 3. Calculate f(-15).
12
Let b(l) = l**3 + 27*l**2 - 21*l + 10. What is b(-17)?
3257
Let q(i) = -109*i**2 + 844*i + 2535. Give q(-3).
-978
Let k(l) = -93500*l + 467507. What is k(5)?
7
Let f(z) = -6*z**3 - 190*z**2 - 111*z + 408. Determine f(-31).
5
Let o(p) = 3769*p + 203553. What is o(-54)?
27
Let k(i) = 8*i**3 - 2*i**2 + 7491*i + 7494. What is k(-1)?
-7
Let p(i) = -i**3 + 310*i**2 + 34549*i - 3977. What is p(397)?
-7
Let i(a) = 7*a**2 - 1290*a + 376. Give i(184).
8
Let m(x) = 1919*x - 2742259. Calculate m(1429).
-8
Let u(r) = r**3 - 199*r**2 + 2247*r + 559. Determine u(187).
1120
Let q(b) = 40*b**2 - 180*b - 2. Determine q(3).
-182
Let i(w) = w**3 - 114*w**2 + 283*w - 6397. Calculate i(112).
211
Let u(a) = -22490*a - 1259440. Calculate u(-56).
0
Let r(j) = 12847*j - 142874. Give r(11).
-1557
Let b(i) = 13747*i + 151687. Determine b(-11).
470
Let a(d) = -d**2 + 101*d - 886. Calculate a(88).
258
Let z(o) = 45*o**3 - 90*o**2 - 10*o + 18. Give z(2).
-2
Let d(m) = -4*m**2 - 489*m - 5294. Calculate d(-12).
-2
Let n(m) = 3*m**2 + 854*m - 43708. Determine n(-329).
49
Let z(j) = j**3 + 42*j**2 - 936*j - 735. Give z(-58).
-271
Let d(c) = -27*c**2 - 328*c - 903. What is d(-7)?
70
Let l(f) = f**3 - 29*f**2 - 29889*f - 571. Calculate l(188).
-7
Let g(u) = -u**3 - 15*u**2 - 7550*u - 121053. What is g(-16)?
3
Let q(m) = 872*m**2 + 23539*m - 195. Calculate q(-27).
-60
Let s(h) = 10853*h - 868199. Calculate s(80).
41
Let n(s) = 8*s**2 - 475*s + 3188. Calculate n(7).
255
Let n(j) = -23529*j + 18940845. Determine n(805).
0
Let n(b) = -124709*b - 2369471. What is n(-19)?
0
Let l(d) = 11*d**3 - 67*d + 58. What is l(-3)?
-38
Let j(q) = -3*q**3 - 18*q**2 + 266*q - 2164. What is j(8)?
-2724
Let j(a) = -3*a**3 - 3026*a**2 - 5698*a - 667650. Determine j(-1007).
-9
Let y(j) = 21267*j + 32. Calculate y(0).
32
Let o(r) = -r**2 + 66*r + 2438. Calculate o(94).
-194
Let m(y) = 149*y**3 + 580*y**2 - 15. Calculate m(-4).
-271
Let c(j) = -8872*j - 10043105. What is c(-1132)?
-1
Let n(o) = 177*o - 4251. Determine n(21).
-534
Let y(q) = 3*q**3 + 120*q**2 + 988*q - 562. What is y(-28)?
-2
Let z(i) = -54*i**2 + 6398*i + 3454. Calculate z(119).
122
Let f(c) = c**3 + 148*c**2 - 1547*c - 268378. Determine f(-146).
116
Let q(z) = z**3 - 16*z**2 - 55*z + 151. What is q(2)?
-15
Let w(a) = -10*a**3 - 51*a**2 + 279*a + 1432. Determine w(-5).
12
Let s(m) = -313*m - 15946. What is s(-42)?
-2800
Let a(j) = -509*j**2 + 193416*j + 1474. Give a(380).
-46
Let a(q) = 190695*q - 1525612. Give a(8).
-52
Let i(n) = 260*n - 11726. What is i(45)?
-26
Let l(w) = 1964*w + 3795. What is l(-2)?
-133
Let r(u) = 11010*u + 143296. Give r(-13).
166
Let z(h) = 177*h + 3894. Give z(-14).
1416
Let i(f) = f**3 + 13*f**2 - 65*f - 312. What is i(-16)?
-40
Let w(p) = -p**3 - 62*p**2 + 381*p - 202. Determine w(-68).
1634
Let b(s) = s**2 + 299*s + 19985. Determine b(-198).
-13
Let g(o) = 963*o + 14791. Give g(-15).
346
Let u(f) = 8*f**3 + 8*f**2 + 27*f - 63. Give u(2).
87
Let r(i) = -2*i**2 - 618*i - 21510. Calculate r(-269).
10
Let s(q) = q**2 + 290*q - 2884. Determine s(10).
116
Let k(r) = 49001*r + 12103264. Give k(-247).
17
Let l(a) = 114733*a + 344206. Calculate l(-3).
7
Let s(o) = 35140*o - 280381. Give s(8).
739
Let n(x) = 1418*x - 476450. What is n(336)?
-2
Let d(c) = -49*c**2 + 533*c + 1068. What is d(-2)?
-194
Let y(j) = -69377*j - 1. What is y(0)?
-1
Let r(l) = -3773*l - 184846. Determine r(-49).
31
Let p(g) = 111216*g + 889736. Give p(-8).
8
Let u(d) = d**3 - 116*d**2 - 450*d + 11109. What is u(119)?
42
Let l(t) = 45064*t - 4686660. Calculate l(104).
-4
Let r(s) = -280*s - 1739. What is r(-7)?
221
Let t(m) = -7292*m + 73218. What is t(10)?
298
Let x(n) = -271*n + 16186. What is x(60)?
-74
Let x(i) = -31*i**3 + 1859*i**2 + 60*i - 55. Calculate x(60).
-55
Let i(t) = -32*t**3 - t**2 + 705*t + 706. Determine i(-1).
32
Let c(t) = 3*t**2 + 538*t - 4501. Calculate c(8).
-5
Let n(g) = -2*g**3 + 29*g**2 - 4*g + 298. Give n(15).
13
Let k(p) = 136904*p**2 + 4791640*p + 2. Give k(-35).
2
Let i(z) = -6*z**3 - 129*z**2 - 14*z - 181. Calculate i(-21).
-1210
Let y(f) = 35*f - 561. Give y(-9).
-876
Let q(o) = -13*o - 1438. Give q(-115).
57
Let k(l) = -351*l**2 + 10951*l - 2169. Give k(31).
1
Let f(y) = 103*y**2 - 200*y - 1061. Calculate f(-6).
3847
Let y(n) = 8*n**2 - 413*n + 29. Calculate y(4).
-1495
Let c(k) = -k**3 - 924*k**2 - 1095*k - 158722. Determine c(-923).
34
Let j(b) = -12*b**2 - 1045*b + 528. Give j(-90).
-2622
Let j(s) = -608*s**2 + 17632*s - 10. Calculate j(29).
-10
Let g(c) = -22*c**2 - 39*c - 106. Determine g(-10).
-1916
Let k(b) = -6*b**2 + 7*b - 159. What is k(10)?
-689
Let h(v) = -5180*v - 61441. Calculate h(-12).
719
Let c(d) = 51*d**2 - 49627*d - 45776. Determine c(974).
2
Let y(x) = -2*x**2 + 8451*x - 598116. What is y(72)?
-12
Let a(w) = 2*w**2 + 32883*w + 131530. Calculate a(-4).
30
Let o(z) = 126550*z - 379644. Calculate o(3).
6
Let z(n) = 9*n**2 + 919*n - 406. Calculate z(-102).
-508
Let f(j) = 12*j**2 + 540*j + 5493. What is f(-15)?
93
Let c(v) = -11*v**2 + 82*v - 130. Determine c(3).
17
Let w(r) = -r**2 - 355*r - 12908. Give w(-41).
-34
Let w(b) = -190041*b - 5321114. Determine w(-28).
34
Let h(g) = 591*g + 51286. Give h(-87).
-131
Let t(b) = -b**2 + 23011*b - 1834467. What is t(80)?
13
Let i(g) = -2*g**2 + 335*g - 180. Calculate i(168).
-348
Let f(r) = 61075*r + 427633. Give f(-7).
108
Let l(j) = -j**3 - 28*j**2 + 2993*j - 30034. Give l(10).
-3904
Let u(w) = 10*w**2 + 594*w + 1181. Give u(-2).
33
Let k(s) = -5644*s - 56710. What is k(-10)?
-270
Let l(h) = -6*h**2 - 86*h - 835. Determine l(-8).
-531
Let g(f) = f**2 - 151*f + 4893. Calculate g(48).
-51
Let s(i) = 30*i**2 - 705*i - 3712. What is s(28)?
68
Let g(w) = 1538*w + 126114. Determine g(-82).
-2
Let o(v) = 60089*v - 1201770. What is o(20)?
10
Let i(f) = -2*f**2 - 1068*f + 5396. What is i(-539)?
6
Let i(t) = -t**2 + 322*t - 17372. Determine i(74).
980
Let x(p) = p**3 - 171*p**2 + 326*p + 2019. What is x(169)?
-9
Let k(t